uate (-3351 - -3409) + -53 + -4.
1
What is the value of -111 - (-5 + 0 + (15 - (-38 - -41)))?
-118
What is (-8 - (12 - 3)) + -12 + (14 - -100)?
85
-1 + (1 - -3) - -68 - (-20 - (-38 - -21))
74
What is the value of -16 + (-59 - -47 - (-20 + 1)) + -1?
-10
Evaluate -28 + (-23 - -16) + 20.
-15
What is 132 - (7 + (23 + -7 - -14))?
95
36 - -9 - (-10 - (7 + -13 + -9))
40
Calculate -20 + -46 + -77 + 202.
59
Calculate 32 - ((-86 - -65) + (2 - -11 - -1)).
39
Evaluate -1 + -59 + -1219 + 1306.
27
Calculate (34 - 65) + ((0 - 1) + -3 - (-350 - -347)).
-32
Evaluate -2 - 80 - (9 + (14 + 1 - (-160 + 182))).
-84
97 - (66 + -71) - 95
7
What is -5 + 22 - (57 - (-4 - 26))?
-70
What is the value of -2 - 37 - (-6 + 20 - (-59 + 85))?
-27
23 + 7 - (57 + -8) - 20
-39
Evaluate (4 - 7) + (342 - 321) + (-3 - 1).
14
Evaluate (-4 - -5) + (0 - -36) + 50 + 25.
112
46 + (-113 - (-134 - -25))
42
What is the value of -40 + (51 - 4) + -25 - 7?
-25
What is 67 + (53 - 51 - 14)?
55
-60 + 4 + (217 - 199)
-38
What is 55 + ((29 - 12) + 8 - 11)?
69
2 + (9 + -24 - 176) - -43
-146
What is (-1 - -8) + (-6 - -11 - (22 + (-1 - -31)))?
-40
What is the value of -27 + (-66 - -23) - -107?
37
-1 + 12 + (61 + -126 - -5)
-49
Calculate (14 - (23 - 130)) + (0 - -3 - (-20 - -11)).
133
(-136 - (143 + -122)) + 50
-107
Evaluate (-32 - (-27 - 2)) + (6 + 2 - -30).
35
What is the value of -31 + (-82 - -90) + (1 - -107)?
85
Evaluate (125 - 81) + -70 - (-2 - 140).
116
What is -13 - (-4 - (33 + (-23 - -5)) - -22)?
-16
What is the value of (-67 - (2 - 66)) + -66?
-69
What is the value of 6 + (-1 + -79 - (-12 + 10 + -2 + 1))?
-71
What is the value of -8 + (-10 - -9) + 8 + -12 + 120?
107
What is the value of -90 - (-116 - -106) - -111?
31
Calculate -40 - ((38 - 24) + 23) - 1.
-78
Evaluate 0 - (-2 - -44) - (5280 + -5271).
-51
Evaluate (36 + -44 - -38) + -33.
-3
Evaluate -258 + -65 - -309 - (0 + -1 - 124).
111
What is the value of 19 + (-33 - (-27 - -28)) - (21 - 4)?
-32
Evaluate (-47 - 6) + (5 - -2 - 7) + 5.
-48
Calculate (-1 - -1 - -7) + (-65 - -21 - -28).
-9
What is 12 - (-1 + 20 - ((-15 - 8) + 27) - 10)?
7
Evaluate 4 + 14 + (-3 - (-11 + (-14 - 13))).
53
Calculate 353 + -314 - (1 + (4 - -6)) - 3.
25
Evaluate -34 + (-11 - (39 - 24 - 55)).
-5
Evaluate 9 + -39 + (14 - 10) + 2 + -1 + -2.
-27
-17 + (1034 - 1032) + 0 + -27
-42
2 + -9 + -10 + (136 - 75) + -14
30
What is the value of (318 - 318 - (35 + 4)) + (19 - 1)?
-21
What is (-44 + 61 + -16 - (0 + -3)) + -48?
-44
What is -10 + 4 + -2 + 25 + -1 + 103 + -114?
5
What is the value of (9 - 8 - 13 - -8) + 16 - -15?
27
-18 + -11 - (2 - (21 - 12) - -2)
-24
What is -15 + 3 - (365 - 423)?
46
Evaluate 12 - -5 - 45 - (-7 - (12 + -5 + -4)).
-18
What is (13 + -13 + 8 - -4) + 2 + -77?
-63
Calculate (-72 - (-130 - -51)) + -45.
-38
Evaluate -32 + 20 + -6 + 0 + (10 - 25).
-33
Calculate -184 + (100 - -29) - -175.
120
What is -2 + (-15 - -43) + -56 + 59?
29
Evaluate 0 + -12 + (-77 - (9 - 5) - -11) + -3.
-85
Calculate 356 + -350 + (0 - (2 - 1) - (-7 + 3)).
9
What is the value of -13 + (-12 - -31) + -23 + (-38 - 0)?
-55
What is the value of 101 - -29 - 13 - 35?
82
Calculate 81 + 38 + 10 + -240.
-111
(18 - 20) + (-4 + 22 - 16)
0
What is 1 + 5 + (2 - -2) - (159 - 121)?
-28
Evaluate -9 + (0 + 0 + -2 - ((9 - -34) + -15)).
-39
Evaluate 1 + -10 + (-39 + 43 - (26 - 2) - -11).
-18
What is the value of 24 + (76 + -76 - -19)?
43
What is the value of ((-17 - -52) + -21 - 20) + (4 - -13)?
11
7 - 20 - (-19 + (-5 - -13) + 6)
-8
Evaluate 49 + (9 - -17) + -10.
65
Calculate -10 + (-41 - (-36 - (-19 - -18))).
-16
Calculate (-32 - 11) + -18 - (1 - 5 - -13).
-70
What is -19 + -12 + -8 - 22 - (4 + -1 + 0)?
-64
17 - (2 + (-5 - -1) + 18 + -9) - 58
-48
Calculate -215 + 209 + -3 + (-1 - (9 - 18)).
-1
What is the value of (-106 - -2) + 90 + 156?
142
Calculate -35 + -72 + 57 - -14.
-36
-16 - (3 + -6 + -94 + 88)
-7
Calculate (5 - -25) + (-20 - (-16 + 25 - 41)).
42
Calculate 1 - -10 - (9 + (25 - 13) + 6 + -13).
-3
What is (-55 - 38) + 34 + 36?
-23
Calculate (-104 - -229) + -117 + -9 + 0.
-1
What is the value of 19 + -1 + 3 + (19 - (19 + 5 + -12))?
28
Calculate -193 + 262 + -11 + -72.
-14
Evaluate 51 + -33 + -2 + 30 - (-1 - -3).
44
Calculate 82 - (31 + (2 - -9)).
40
Evaluate (-130 - -50) + 156 + (-4 + -1 - 4).
67
What is 46 - 48 - (-110 - -54)?
54
8 + 0 + -12 - 10 - (-4 + 15)
-25
Evaluate 146 + -93 + -14 + 51.
90
What is -57 - (12 + (-29 - -31) + -41)?
-30
Calculate (-2 - 14) + 4 + -3 + 32.
17
What is the value of -14 + 17 + (-2 - (-2 - -2)) + -2 - -30?
29
Calculate 207 - 215 - (-4 + -45) - 13.
28
Evaluate 16 + -177 + (230 - 128).
-59
Evaluate (114 - -14) + (63 - (84 + 8)).
99
Evaluate 3 + 35 + -579 + 497.
-44
Evaluate -2 + -6 - (-205 + 80 - -76).
41
(-7 - 1) + (4139 - 4178)
-47
Calculate 6 - (37 - (8 - 15 - -106)).
68
Calculate (11 + -1 + 0 - (-12 - (56 - 36))) + 4.
46
-8 + 4 + -11 - (-12 - -10 - -18)
-31
What is the value of 50 - (30 + 72 + -44)?
-8
Calculate 1026 + -952 + (1 - 140).
-65
What is (5 + -28 - (-84 + 26 - -14)) + -93?
-72
Calculate -9 - (-28 + 7) - (-6 + (-13 - -14)).
17
What is the value of 12 + 26 + 17 + -3 - 142?
-90
What is -53 + 57 - (-2 - (-49 + -3))?
-46
What is the value of (-164 - -178) + 4 + -24 + 45?
39
What is the value of (-160 + 209 - 26) + (-1 - 0 - 9)?
13
Calculate 21 + (4 - (-25 - (-14 + 6))).
42
What is the value of -20 - (-105 - 8) - (17 - -6)?
70
What is the value of 51 - -69 - (43 - -23)?
54
Evaluate -1 + -2 - (45 - (153 + -144)).
-39
-11 - (-19 + -9 + 57) - (-5 + 4)
-39
Evaluate 10 + (-136 - (-2 - 11)) + 0 + (-3 - 2).
-118
Evaluate -18 - (91 + -388 - -148).
131
What is the value of -112 - (35 + (-26 - -15) + -39 + 1)?
-98
43 - (10 + -33 + 60) - (26 - 1)
-19
What is the value of (40 - (98 - 138)) + -10?
70
What is -20 - (1 - (10 + 39 - (7 + -6)))?
27
What is 1 + -2 + 101 - (-71 + 57 - (-8 - 2))?
104
What is -9 - (-83 + 49) - (6 - -103)?
-84
Evaluate -77 - -65 - (4 - -3) - -16.
-3
Calculate (10 - (-11 - -31)) + (14 - 5) + 1.
0
Calculate (10 - (42 + (8 - 10) - 17)) + -1.
-14
(6 - 10) + (-23 - (10 + -23)) - -45
31
What is -62 + (-1 + 3 - (-35 + 16))?
-41
What is the value of (1 + 2 - (-121 - -119)) + (-71 - 4)?
-70
Calculate 31 + (23 - 10 - 129) + (10 - (1 - -2)).
-78
3 + -5 - 11 - (18 + -54 + 23 + -37)
37
What is (-23 - 0) + (-1406 - -1408)?
-21
Calculate (-10 - 10 - -6) + -18 - -24.
-8
What is the value of -1 + 11 + ((26 - 59) + -10 - 7)?
-40
What is 11 + 26 + 3 - 23?
17
Calculate -6 + -53 + 26 + 34.
1
Calculate -4 + 21 + -56 + (8 - 8).
-39
Evaluate 373 + -309 + (-131 - 22).
-89
Calculate -46 + -22 + (-59 - -149).
22
What is the value of -65 - -1 - (-102 + 63 + 25)?
-50
Calculate -3 + (-15 - (-12 + 4 + 8)) + -9.
-27
126 + (40 - 48) - 44
74
13 - 75 - (9 - (7 + -11 + (-5 - -9)))
-71
34 + (108 - (83 + 21))
38
What is the value of (-1 - (12 + 7 + -15)) + (-10 - 20)?
-35
Calculate -15 + 50 + (0 - (11 - (-15 - -2 - -26))).
37
What is 6 - (22 + -11) - (95 + -1) - -21?
-78
Calculate (-45 - -121) + (-42 - -1).
35
-1 - -2 - 1 - ((9 - 43) + -6 + 48)
-8
Calculate 6 + 1 - ((-178 - -163 - (0 + -15)) + -12).
19
What is (54 - 28 - 38 - (0 - 21)) + -60?
-51
3 - (-75 + (9 - 10 - (15 - 11)))
83
Calculate -23 - (21 + (-18 - -27) + -52).
-1
-3 + 131 + (-652 - -492)
-32
16 - 0 - (-15 + -12 + (-17 - (48 - 5)))
103
Calculate -358 + 311 + -1 + 34.
-14
Calculate 37 - (-49 + 21 + 17).
48
Evaluate 6107 - 6106 - (1 + -2 + 4 + 9) - 33.
-44
What is 10 - (-3 + (14 - 10 - (0 - 2))) - 53?
-46
Evaluate 41 - 21 - 35 - -30 - 41.
-26
Evaluate 21 + (-135 - -67) + 94.
47
Calculate -64 - (1 + -4) - (34 + -97 - -49).
-47
Calculate (4 + -14 - (-4 + (-3 - -114) + -8)) + -15.
-124
What is -24 + 5 + -37 + 33?
-23
What is the value of (-27 - -1 - (-1064 - -1036)) + 1 + -41?
-38
Calculate (-626 - -633) + (5 - (2 + -3) - 2).
11
Evaluate 0 + 7 + 4 + (129 - 33).
107
Evaluate (-5 + 0 - -19) + -10 + -72.
-68
Calculate 133 - (-39 + (172 - 91)).
91
-20 + (-15 + (14 - 16) + 17 - 19)
-39
What is (-391 - -392) + (1 - 0) + 2 + -61 + -1?
-58
Calculate 40 + -37 + 27 - 83.
-53
What is -5 - 26 - (94 + -84)?
-41
Calculate -51 + 33 + 96 - 27.
51
Calculate 13 + (-15 - -33) + (-23 - -28).
36
Calculate 2 - (4 + 5) - (23 - (4 - -23)) - 101.
-104
What is the value of 8 - (78 - 120) - 99?
-49
Calculate (-142 - (-116 + 11)) + (-3 - -2 - 0).
-38
Cal